{"id":88411,"date":"2014-03-19T09:46:14","date_gmt":"2014-03-19T09:46:14","guid":{"rendered":"http:\/\/velovilnius.lt\/veloland\/?page_id=88411"},"modified":"2016-10-04T17:52:57","modified_gmt":"2016-10-04T14:52:57","slug":"sveiki-atvyke","status":"publish","type":"page","link":"https:\/\/velovilnius.lt\/veloland\/","title":{"rendered":"Sveiki atvyk\u0119!"},"content":{"rendered":"<p><!--[wooslider slider_type=\"slides\" thumbnails=\"true\"][otw-portfolio]\u00a0[otw_is sidebar=otw-sidebar-9] --><\/p>\n<p><span style=\"line-height: 1.1;\"><div class=\"pt-cv-wrapper\"><div class=\"pt-cv-view pt-cv-grid pt-cv-colsys\" id=\"pt-cv-view-211b7b1ont\"><div data-id=\"pt-cv-page-1\" class=\"pt-cv-page cv-npf\" data-cvc=\"2\"><div class=\"col-md-6 col-sm-6 col-xs-12 pt-cv-content-item pt-cv-1-col\" ><div class='pt-cv-ifield'><div class=\"pt-cv-no-post\">\u012era\u0161\u0173 nerasta.<\/div><\/div><\/div><\/div><\/div><\/div><\/span><\/p>\n<h1 style=\"box-sizing: border-box; margin: 12px 0px; padding: 0px; font-size: 32px; direction: ltr; font-family: 'Open Sans Condensed', Arial, sans-serif; font-weight: bold; text-rendering: optimizelegibility; line-height: 1.1; text-align: center;\"><span style=\"line-height: 1.1;\">Sveiki atvyk\u0119 \u012f Veloland.lt!<\/span><\/h1>\n<p style=\"box-sizing: border-box; margin: 0px 0px 14px; padding: 0px; direction: ltr; line-height: 1.6; color: #636363; font-family: Georgia, 'Times New Roman', Times, serif; text-align: center;\">Jei \u012fsivaizduojate, kad Lietuva gali tapti\u00a0<strong style=\"box-sizing: border-box; line-height: 1.2em; font-size: 13px;\">dviratinink\u0173 \u0161alimi, tuomet\u00a0\u010dia j\u016bs\u0173 svetain\u0117!<\/strong><strong style=\"box-sizing: border-box; line-height: 1.2em;\"><em style=\"box-sizing: border-box; line-height: inherit;\">\u00a0<\/em><\/strong><\/p>\n<hr \/>\n<p style=\"box-sizing: border-box; margin: 0px 0px 14px; padding: 0px; direction: ltr; line-height: 1.6; color: #636363; font-family: Georgia, 'Times New Roman', Times, serif; text-align: center;\">Veloland.lt rasite:<\/p>\n<p style=\"box-sizing: border-box; margin: 0px 0px 14px; padding: 0px; direction: ltr; line-height: 1.6; color: #636363; font-family: Georgia, 'Times New Roman', Times, serif; text-align: center;\">a) Dvira\u010di\u0173 mar\u0161rutus Lietuvoje<\/p>\n<p style=\"box-sizing: border-box; margin: 0px 0px 14px; padding: 0px; direction: ltr; line-height: 1.6; color: #636363; font-family: Georgia, 'Times New Roman', Times, serif; text-align: center;\">b) Rengini\u0173 su dvira\u010diais Lietuvoje (bei Lietuvi\u0173 organizuojami bei dalyvaujan\u010di\u0173 rengini\u0173) kalendorius<\/p>\n<p style=\"box-sizing: border-box; margin: 0px 0px 14px; padding: 0px; direction: ltr; line-height: 1.6; color: #636363; font-family: Georgia, 'Times New Roman', Times, serif; text-align: center;\">c) dvira\u010di\u0173 naujien\u0173 srautus<\/p>\n<hr \/>\n<p>&nbsp;<\/p>\n<h2>Veloland.lt kalendorius<\/h2>\n\n<!-- iframe plugin v.6.0 wordpress.org\/plugins\/iframe\/ -->\n<iframe loading=\"lazy\" frameborder=\"0\" height=\"500\" scrolling=\"no\" src=\"https:\/\/www.google.com\/calendar\/embed?src=pvqi89nikke33812tvtjd27390%40group.calendar.google.com&#038;showTitle=0&#038;showNav=0&#038;showDate=0&#038;showCalendars=0&#038;showTz=0&#038;mode=AGENDA&#038;height=500&#038;wkst=2&#038;bgcolor=%23FFFFFF&#038;ctz=Europe%2FVilnius\" style=\" border-width:0 \" width=\"600\" class=\"iframe-class\"><\/iframe>\n\n\n                <div class='gf_browser_gecko gform_wrapper' id='gform_wrapper_2' ><form method='post' enctype='multipart\/form-data'  id='gform_2'  action='\/veloland\/wp-json\/wp\/v2\/pages\/88411'>\n                        <div class='gform_heading'>\n                            <h3 class='gform_title'>Susisiek su mumis!<\/h3>\n                            <span class='gform_description'><\/span>\n                        <\/div>\n                        <div class='gform_body'><ul id='gform_fields_2' class='gform_fields top_label form_sublabel_below description_below'><li id='field_2_2' class='gfield gfield_contains_required field_sublabel_below field_description_below' ><label class='gfield_label' for='input_2_2_3' >Kas J\u016bs?<span class='gfield_required'>*<\/span><\/label><div class='ginput_complex ginput_container no_prefix has_first_name no_middle_name has_last_name no_suffix' id='input_2_2'>\n                            \n                            <span id='input_2_2_3_container' class='name_first' >\n                                                    <input type='text' name='input_2.3' id='input_2_2_3' value='' tabindex='2'  \/>\n                                                    <label for='input_2_2_3' >Vardas<\/label>\n                                                <\/span>\n                            \n                            <span id='input_2_2_6_container' class='name_last' >\n                                                    <input type='text' name='input_2.6' id='input_2_2_6' value='' tabindex='4'  \/>\n                                                    <label for='input_2_2_6' >Pavard\u0117<\/label>\n                                                <\/span>\n                            \n                        <\/div><\/li><li id='field_2_3' class='gfield gfield_contains_required field_sublabel_below field_description_below' ><label class='gfield_label' for='input_2_3' >El. pa\u0161tas<span class='gfield_required'>*<\/span><\/label><div class='ginput_container'>\n                            <input name='input_3' id='input_2_3' type='text' value='' class='medium' tabindex='6'   \/>\n                        <\/div><\/li><li id='field_2_4' class='gfield field_sublabel_below field_description_below' ><label class='gfield_label' for='input_2_4' >Tel.<\/label><div class='ginput_container'><input name='input_4' id='input_2_4' type='text' value='' class='medium' tabindex='7'   \/><\/div><\/li><li id='field_2_1' class='gfield gfield_contains_required field_sublabel_below field_description_below' ><label class='gfield_label' for='input_2_1' >J\u016bs\u0173 \u017ein\u016bt\u0117<span class='gfield_required'>*<\/span><\/label><div class='ginput_container'>\n\t\t\t\t\t<textarea name='input_1' id='input_2_1' class='textarea medium' tabindex='8'    rows='10' cols='50'><\/textarea>\n\t\t\t\t<\/div><\/li>\n                            <\/ul><\/div>\n        <div class='gform_footer top_label'> <input type='submit' id='gform_submit_button_2' class='gform_button button' value='Submit' tabindex='9' onclick='if(window[\"gf_submitting_2\"]){return false;}  window[\"gf_submitting_2\"]=true;  ' \/> \n            <input type='hidden' class='gform_hidden' name='is_submit_2' value='1' \/>\n            <input type='hidden' class='gform_hidden' name='gform_submit' value='2' \/>\n            \n            <input type='hidden' class='gform_hidden' name='gform_unique_id' value='' \/>\n            <input type='hidden' class='gform_hidden' name='state_2' value='WyJbXSIsImE1OTg3NmYxNDhhMWMzZTZhYmI1ZmUwMjM5Y2Q2NGJiIl0=' \/>\n            <input type='hidden' class='gform_hidden' name='gform_target_page_number_2' id='gform_target_page_number_2' value='0' \/>\n            <input type='hidden' class='gform_hidden' name='gform_source_page_number_2' id='gform_source_page_number_2' value='1' \/>\n            <input type='hidden' name='gform_field_values' value='' \/>\n            \n        <\/div>\n                        <p style=\"display: none !important;\" class=\"akismet-fields-container\" data-prefix=\"ak_\"><label>&#916;<textarea name=\"ak_hp_textarea\" cols=\"45\" rows=\"8\" maxlength=\"100\"><\/textarea><\/label><input type=\"hidden\" id=\"ak_js_1\" name=\"ak_js\" value=\"64\"\/><script>document.getElementById( \"ak_js_1\" ).setAttribute( \"value\", ( new Date() ).getTime() );<\/script><\/p><\/form>\n                        <\/div><script type='text\/javascript'> jQuery(document).bind('gform_post_render', function(event, formId, currentPage){if(formId == 2) {} } );jQuery(document).bind('gform_post_conditional_logic', function(event, formId, fields, isInit){} );<\/script><script type='text\/javascript'> jQuery(document).ready(function(){jQuery(document).trigger('gform_post_render', [2, 1]) } ); <\/script>\n<p>&nbsp;<\/p>\n","protected":false},"excerpt":{"rendered":"<p>Sveiki atvyk\u0119 \u012f Veloland.lt! Jei \u012fsivaizduojate, kad Lietuva gali tapti\u00a0dviratinink\u0173 \u0161alimi, tuomet\u00a0\u010dia j\u016bs\u0173 svetain\u0117!\u00a0 Veloland.lt rasite: a) Dvira\u010di\u0173 mar\u0161rutus Lietuvoje b) Rengini\u0173 su dvira\u010diais Lietuvoje (bei Lietuvi\u0173 organizuojami bei dalyvaujan\u010di\u0173 rengini\u0173) kalendorius c) dvira\u010di\u0173 naujien\u0173 srautus &nbsp; Veloland.lt kalendorius &nbsp;<\/p>\n","protected":false},"author":1,"featured_media":1091,"parent":0,"menu_order":0,"comment_status":"open","ping_status":"open","template":"","meta":{"inline_featured_image":false,"site-sidebar-layout":"default","site-content-layout":"","ast-site-content-layout":"default","site-content-style":"default","site-sidebar-style":"default","ast-global-header-display":"","ast-banner-title-visibility":"","ast-main-header-display":"","ast-hfb-above-header-display":"","ast-hfb-below-header-display":"","ast-hfb-mobile-header-display":"","site-post-title":"","ast-breadcrumbs-content":"","ast-featured-img":"","footer-sml-layout":"","ast-disable-related-posts":"","theme-transparent-header-meta":"","adv-header-id-meta":"","stick-header-meta":"","header-above-stick-meta":"","header-main-stick-meta":"","header-below-stick-meta":"","astra-migrate-meta-layouts":"default","ast-page-background-enabled":"default","ast-page-background-meta":{"desktop":{"background-color":"","background-image":"","background-repeat":"repeat","background-position":"center center","background-size":"auto","background-attachment":"scroll","background-type":"","background-media":"","overlay-type":"","overlay-color":"","overlay-opacity":"","overlay-gradient":""},"tablet":{"background-color":"","background-image":"","background-repeat":"repeat","background-position":"center center","background-size":"auto","background-attachment":"scroll","background-type":"","background-media":"","overlay-type":"","overlay-color":"","overlay-opacity":"","overlay-gradient":""},"mobile":{"background-color":"","background-image":"","background-repeat":"repeat","background-position":"center center","background-size":"auto","background-attachment":"scroll","background-type":"","background-media":"","overlay-type":"","overlay-color":"","overlay-opacity":"","overlay-gradient":""}},"ast-content-background-meta":{"desktop":{"background-color":"var(--ast-global-color-5)","background-image":"","background-repeat":"repeat","background-position":"center center","background-size":"auto","background-attachment":"scroll","background-type":"","background-media":"","overlay-type":"","overlay-color":"","overlay-opacity":"","overlay-gradient":""},"tablet":{"background-color":"var(--ast-global-color-5)","background-image":"","background-repeat":"repeat","background-position":"center center","background-size":"auto","background-attachment":"scroll","background-type":"","background-media":"","overlay-type":"","overlay-color":"","overlay-opacity":"","overlay-gradient":""},"mobile":{"background-color":"var(--ast-global-color-5)","background-image":"","background-repeat":"repeat","background-position":"center center","background-size":"auto","background-attachment":"scroll","background-type":"","background-media":"","overlay-type":"","overlay-color":"","overlay-opacity":"","overlay-gradient":""}},"footnotes":"","_links_to":"","_links_to_target":""},"categories":[],"tags":[],"ams_acf":[],"blocks":[{"blockName":null,"attrs":[],"innerBlocks":[],"innerHTML":"<!--[wooslider slider_type=\"slides\" thumbnails=\"true\"][otw-portfolio]\u00a0[otw_is sidebar=otw-sidebar-9] -->\r\n\r\n<span style=\"line-height: 1.1;\">[pt_view id=\"211b7b1ont\"]<\/span>\r\n<h1 style=\"box-sizing: border-box; margin: 12px 0px; padding: 0px; font-size: 32px; direction: ltr; font-family: 'Open Sans Condensed', Arial, sans-serif; font-weight: bold; text-rendering: optimizelegibility; line-height: 1.1; text-align: center;\"><span style=\"line-height: 1.1;\">Sveiki atvyk\u0119 \u012f Veloland.lt!<\/span><\/h1>\r\n<p style=\"box-sizing: border-box; margin: 0px 0px 14px; padding: 0px; direction: ltr; line-height: 1.6; color: #636363; font-family: Georgia, 'Times New Roman', Times, serif; text-align: center;\">Jei \u012fsivaizduojate, kad Lietuva gali tapti\u00a0<strong style=\"box-sizing: border-box; line-height: 1.2em; font-size: 13px;\">dviratinink\u0173 \u0161alimi, tuomet\u00a0\u010dia j\u016bs\u0173 svetain\u0117!<\/strong><strong style=\"box-sizing: border-box; line-height: 1.2em;\"><em style=\"box-sizing: border-box; line-height: inherit;\">\u00a0<\/em><\/strong><\/p>\r\n\r\n\r\n<hr \/>\r\n<p style=\"box-sizing: border-box; margin: 0px 0px 14px; padding: 0px; direction: ltr; line-height: 1.6; color: #636363; font-family: Georgia, 'Times New Roman', Times, serif; text-align: center;\">Veloland.lt rasite:<\/p>\r\n<p style=\"box-sizing: border-box; margin: 0px 0px 14px; padding: 0px; direction: ltr; line-height: 1.6; color: #636363; font-family: Georgia, 'Times New Roman', Times, serif; text-align: center;\">a) Dvira\u010di\u0173 mar\u0161rutus Lietuvoje<\/p>\r\n<p style=\"box-sizing: border-box; margin: 0px 0px 14px; padding: 0px; direction: ltr; line-height: 1.6; color: #636363; font-family: Georgia, 'Times New Roman', Times, serif; text-align: center;\">b) Rengini\u0173 su dvira\u010diais Lietuvoje (bei Lietuvi\u0173 organizuojami bei dalyvaujan\u010di\u0173 rengini\u0173) kalendorius<\/p>\r\n<p style=\"box-sizing: border-box; margin: 0px 0px 14px; padding: 0px; direction: ltr; line-height: 1.6; color: #636363; font-family: Georgia, 'Times New Roman', Times, serif; text-align: center;\">c) dvira\u010di\u0173 naujien\u0173 srautus<\/p>\r\n\r\n\r\n<hr \/>\r\n\r\n&nbsp;\r\n<h2>Veloland.lt kalendorius<\/h2>\r\n[iframe frameborder=\"0\" height=\"500\" scrolling=\"no\" src=\"https:\/\/www.google.com\/calendar\/embed?src=pvqi89nikke33812tvtjd27390%40group.calendar.google.com&amp;showTitle=0&amp;showNav=0&amp;showDate=0&amp;showCalendars=0&amp;showTz=0&amp;mode=AGENDA&amp;height=500&amp;wkst=2&amp;bgcolor=%23FFFFFF&amp;ctz=Europe%2FVilnius\" style=\" border-width:0 \" width=\"600\"]\r\n\r\n[gravityform id=\"2\" title=\"true\" description=\"true\"]\r\n\r\n&nbsp;","innerContent":["<!--[wooslider slider_type=\"slides\" thumbnails=\"true\"][otw-portfolio]\u00a0[otw_is sidebar=otw-sidebar-9] -->\r\n\r\n<span style=\"line-height: 1.1;\">[pt_view id=\"211b7b1ont\"]<\/span>\r\n<h1 style=\"box-sizing: border-box; margin: 12px 0px; padding: 0px; font-size: 32px; direction: ltr; font-family: 'Open Sans Condensed', Arial, sans-serif; font-weight: bold; text-rendering: optimizelegibility; line-height: 1.1; text-align: center;\"><span style=\"line-height: 1.1;\">Sveiki atvyk\u0119 \u012f Veloland.lt!<\/span><\/h1>\r\n<p style=\"box-sizing: border-box; margin: 0px 0px 14px; padding: 0px; direction: ltr; line-height: 1.6; color: #636363; font-family: Georgia, 'Times New Roman', Times, serif; text-align: center;\">Jei \u012fsivaizduojate, kad Lietuva gali tapti\u00a0<strong style=\"box-sizing: border-box; line-height: 1.2em; font-size: 13px;\">dviratinink\u0173 \u0161alimi, tuomet\u00a0\u010dia j\u016bs\u0173 svetain\u0117!<\/strong><strong style=\"box-sizing: border-box; line-height: 1.2em;\"><em style=\"box-sizing: border-box; line-height: inherit;\">\u00a0<\/em><\/strong><\/p>\r\n\r\n\r\n<hr \/>\r\n<p style=\"box-sizing: border-box; margin: 0px 0px 14px; padding: 0px; direction: ltr; line-height: 1.6; color: #636363; font-family: Georgia, 'Times New Roman', Times, serif; text-align: center;\">Veloland.lt rasite:<\/p>\r\n<p style=\"box-sizing: border-box; margin: 0px 0px 14px; padding: 0px; direction: ltr; line-height: 1.6; color: #636363; font-family: Georgia, 'Times New Roman', Times, serif; text-align: center;\">a) Dvira\u010di\u0173 mar\u0161rutus Lietuvoje<\/p>\r\n<p style=\"box-sizing: border-box; margin: 0px 0px 14px; padding: 0px; direction: ltr; line-height: 1.6; color: #636363; font-family: Georgia, 'Times New Roman', Times, serif; text-align: center;\">b) Rengini\u0173 su dvira\u010diais Lietuvoje (bei Lietuvi\u0173 organizuojami bei dalyvaujan\u010di\u0173 rengini\u0173) kalendorius<\/p>\r\n<p style=\"box-sizing: border-box; margin: 0px 0px 14px; padding: 0px; direction: ltr; line-height: 1.6; color: #636363; font-family: Georgia, 'Times New Roman', Times, serif; text-align: center;\">c) dvira\u010di\u0173 naujien\u0173 srautus<\/p>\r\n\r\n\r\n<hr \/>\r\n\r\n&nbsp;\r\n<h2>Veloland.lt kalendorius<\/h2>\r\n[iframe frameborder=\"0\" height=\"500\" scrolling=\"no\" src=\"https:\/\/www.google.com\/calendar\/embed?src=pvqi89nikke33812tvtjd27390%40group.calendar.google.com&amp;showTitle=0&amp;showNav=0&amp;showDate=0&amp;showCalendars=0&amp;showTz=0&amp;mode=AGENDA&amp;height=500&amp;wkst=2&amp;bgcolor=%23FFFFFF&amp;ctz=Europe%2FVilnius\" style=\" border-width:0 \" width=\"600\"]\r\n\r\n[gravityform id=\"2\" title=\"true\" description=\"true\"]\r\n\r\n&nbsp;"]}],"pwapp_after_post_content":null,"pwapp_before_post_content":null,"androapp_header":null,"pwapp_author":{"ID":1,"name":"admin","slug":"admin"},"pwapp_terms":[],"pwapp_feed_image_dimension_type":null,"featuredimage":"https:\/\/velovilnius.lt\/veloland\/files\/2013\/04\/veloland-logo.jpg","pwapp_post_image":"https:\/\/velovilnius.lt\/veloland\/files\/2013\/04\/veloland-logo.jpg","share_image":"https:\/\/velovilnius.lt\/veloland\/files\/2013\/04\/veloland-logo.jpg","featured_image_showhide":null,"featured_image":{"ID":1091,"excerpt":"","title":"veloland logo","source":"https:\/\/velovilnius.lt\/veloland\/files\/2013\/04\/veloland-logo.jpg"},"pwapp_excerpt":"<p>Sveiki atvyk\u0119 \u012f Veloland.lt! Jei \u012fsivaizduojate, kad Lietuva gali tapti\u00a0dviratinink\u0173 \u0161alimi, tuomet\u00a0\u010dia j\u016bs\u0173 svetain\u0117!\u00a0 Veloland.lt rasite: a) Dvira\u010di\u0173 mar\u0161rutus Lietuvoje b) Rengini\u0173 su dvira\u010diais Lietuvoje (bei Lietuvi\u0173 organizuojami bei dalyvaujan\u010di\u0173 rengini\u0173) kalendorius c) dvira\u010di\u0173 naujien\u0173 srautus &nbsp; Veloland.lt kalendorius &nbsp;<\/p>\n","pwapp_title":"Sveiki atvyk\u0119!","androapp_image_list":[],"pwapp_post_content":null,"pwapp_post_content_type":null,"pwapp_preview_type":"excerpt","androapp_failover_post_content_type":"","share_text":"","supercache":"androappsupercache","_links":{"self":[{"href":"https:\/\/velovilnius.lt\/veloland\/wp-json\/wp\/v2\/pages\/88411"}],"collection":[{"href":"https:\/\/velovilnius.lt\/veloland\/wp-json\/wp\/v2\/pages"}],"about":[{"href":"https:\/\/velovilnius.lt\/veloland\/wp-json\/wp\/v2\/types\/page"}],"author":[{"embeddable":true,"href":"https:\/\/velovilnius.lt\/veloland\/wp-json\/wp\/v2\/users\/1"}],"replies":[{"embeddable":true,"href":"https:\/\/velovilnius.lt\/veloland\/wp-json\/wp\/v2\/comments?post=88411"}],"version-history":[{"count":26,"href":"https:\/\/velovilnius.lt\/veloland\/wp-json\/wp\/v2\/pages\/88411\/revisions"}],"predecessor-version":[{"id":924729,"href":"https:\/\/velovilnius.lt\/veloland\/wp-json\/wp\/v2\/pages\/88411\/revisions\/924729"}],"wp:featuredmedia":[{"embeddable":true,"href":"https:\/\/velovilnius.lt\/veloland\/wp-json\/wp\/v2\/media\/1091"}],"wp:attachment":[{"href":"https:\/\/velovilnius.lt\/veloland\/wp-json\/wp\/v2\/media?parent=88411"}],"wp:term":[{"taxonomy":"category","embeddable":true,"href":"https:\/\/velovilnius.lt\/veloland\/wp-json\/wp\/v2\/categories?post=88411"},{"taxonomy":"post_tag","embeddable":true,"href":"https:\/\/velovilnius.lt\/veloland\/wp-json\/wp\/v2\/tags?post=88411"}],"curies":[{"name":"wp","href":"https:\/\/api.w.org\/{rel}","templated":true}]}}